{"id":402,"date":"2021-05-23T14:13:53","date_gmt":"2021-05-23T17:13:53","guid":{"rendered":"https:\/\/calzacuer.com.ar\/web\/?post_type=product&#038;p=402"},"modified":"2024-10-25T16:15:50","modified_gmt":"2024-10-25T19:15:50","slug":"la-gotita-gel-3g","status":"publish","type":"product","link":"https:\/\/calzacuer.com.ar\/web\/producto\/la-gotita-gel-3g\/","title":{"rendered":"LA GOTITA\u00ae Gel 3g"},"content":{"rendered":"<section class=\"product-details\">\n<div class=\"accordeon\">\n<div class=\"content\">\n<div class=\"productDescription\">El adhesivo instant\u00e1neo en Gel para el arreglo de peque\u00f1os objetos en el hogar. Su consistencia gel, es ideal para aquellas reparaciones que necesitan algunos segundos m\u00e1s de tiempo de pegado, permitiendo corregir.<\/div>\n<\/div>\n<\/div>\n<div id=\"specification\">\n<div id=\"caracteristicas\"><\/div>\n<\/div>\n<\/section>\n<section class=\"product-description-box\">\n<div id=\"reviews\" class=\"rating\">\n<h3><\/h3>\n<\/div>\n<\/section>\n","protected":false},"excerpt":{"rendered":"<p>El adhesivo instant\u00e1neo en Gel para el arreglo de peque\u00f1os objetos en el hogar.<\/p>\n","protected":false},"featured_media":403,"comment_status":"open","ping_status":"closed","template":"","meta":[],"product_brand":[],"product_cat":[169,181],"product_tag":[],"class_list":{"0":"post-402","1":"product","2":"type-product","3":"status-publish","4":"has-post-thumbnail","6":"product_cat-adhesivos","7":"product_cat-instantaneos","9":"first","10":"instock","11":"shipping-taxable","12":"purchasable","13":"product-type-simple"},"tiered_pricing_type":"fixed","tiered_pricing_fixed_rules":[],"tiered_pricing_product_settings":{"layout":"default","base_unit_name":{"singular":null,"plural":null},"default_variation":null},"tiered_pricing_minimum_quantity":null,"tiered_pricing_roles_data":[],"tiered_pricing_percentage_rules":[],"_links":{"self":[{"href":"https:\/\/calzacuer.com.ar\/web\/wp-json\/wp\/v2\/product\/402","targetHints":{"allow":["GET"]}}],"collection":[{"href":"https:\/\/calzacuer.com.ar\/web\/wp-json\/wp\/v2\/product"}],"about":[{"href":"https:\/\/calzacuer.com.ar\/web\/wp-json\/wp\/v2\/types\/product"}],"replies":[{"embeddable":true,"href":"https:\/\/calzacuer.com.ar\/web\/wp-json\/wp\/v2\/comments?post=402"}],"wp:featuredmedia":[{"embeddable":true,"href":"https:\/\/calzacuer.com.ar\/web\/wp-json\/wp\/v2\/media\/403"}],"wp:attachment":[{"href":"https:\/\/calzacuer.com.ar\/web\/wp-json\/wp\/v2\/media?parent=402"}],"wp:term":[{"taxonomy":"product_brand","embeddable":true,"href":"https:\/\/calzacuer.com.ar\/web\/wp-json\/wp\/v2\/product_brand?post=402"},{"taxonomy":"product_cat","embeddable":true,"href":"https:\/\/calzacuer.com.ar\/web\/wp-json\/wp\/v2\/product_cat?post=402"},{"taxonomy":"product_tag","embeddable":true,"href":"https:\/\/calzacuer.com.ar\/web\/wp-json\/wp\/v2\/product_tag?post=402"}],"curies":[{"name":"wp","href":"https:\/\/api.w.org\/{rel}","templated":true}]}}