{"id":64,"date":"2021-05-11T00:42:18","date_gmt":"2021-05-11T03:42:18","guid":{"rendered":"https:\/\/calzacuer.com.ar\/web\/?page_id=64"},"modified":"2022-08-04T02:12:03","modified_gmt":"2022-08-04T05:12:03","slug":"empresa","status":"publish","type":"page","link":"https:\/\/calzacuer.com.ar\/web\/empresa\/","title":{"rendered":"Empresa"},"content":{"rendered":"<div class=\"wpb-content-wrapper\"><p>[vc_row equal_height=\u00bbyes\u00bb content_placement=\u00bbmiddle\u00bb mobile_bg_img_hidden=\u00bbno\u00bb tablet_bg_img_hidden=\u00bbno\u00bb woodmart_parallax=\u00bb0&#8243; woodmart_gradient_switch=\u00bbno\u00bb row_reverse_mobile=\u00bb0&#8243; row_reverse_tablet=\u00bb0&#8243; woodmart_disable_overflow=\u00bb0&#8243; css=\u00bb.vc_custom_1611335568951{padding-top: 20px !important;padding-bottom: 20px !important;}\u00bb][vc_column width=\u00bb1\/2&#8243;][vc_empty_space woodmart_hide_large=\u00bb0&#8243; woodmart_hide_medium=\u00bb0&#8243; woodmart_hide_small=\u00bb0&#8243; woodmart_hide_extra_small=\u00bb0&#8243;]\n\t\t<div id=\"wd-609d32d034b5a\" class=\"title-wrapper wd-wpb wd-set-mb reset-last-child  wd-rs-609d32d034b5a wd-title-color-default wd-title-style-default text-left  wd-underline-colored\">\n\t\t\t\t\t\t\t\n\t\t\t\t<div class=\"title-subtitle  subtitle-color-default font-default subtitle-style-default wd-font-weight-400 wd-fontsize-m\">#somoscalzacuer<\/div>\n\t\t\t\n\t\t\t<div class=\"liner-continer\">\n\t\t\t\t<h4 class=\"woodmart-title-container title  wd-font-weight-700 wd-fontsize-xxxl\" >Qui\u00e9nes somos?<\/h4>\n\t\t\t\t\t\t\t<\/div>\n\t\t\t\n\t\t\t\n\t\t\t\n\t\t<\/div>\n\t\t\n\t\t[vc_column_text text_larger=\u00bbno\u00bb woodmart_inline=\u00bbno\u00bb]De Familia Catena.<br \/>\nMas de 50 a\u00f1os en el rubro nos avalan demostrando la calidad de atenci\u00f3n y de nuestros excelentes productos, con empleados siempre predispuestos a dar lo mejor de si para satisfacer al cliente y sus necesidades.<\/p>\n<p>Calzacuer en sus inicios fue fundado por Edgardo Ruben Catena, tras muchos a\u00f1os Edgardo le cedi\u00f3 el negocio a su hijo Sergio Catena el cual hoy d\u00eda junto a su esposa e hijos lo llevan adelante con mucho sacrificio y dedicaci\u00f3n. Los esperamos![\/vc_column_text][vc_empty_space woodmart_hide_large=\u00bb0&#8243; woodmart_hide_medium=\u00bb0&#8243; woodmart_hide_small=\u00bb0&#8243; woodmart_hide_extra_small=\u00bb0&#8243;][\/vc_column][vc_column width=\u00bb1\/2&#8243; mobile_bg_img_hidden=\u00bbno\u00bb tablet_bg_img_hidden=\u00bbno\u00bb woodmart_parallax=\u00bb0&#8243; woodmart_sticky_column=\u00bbfalse\u00bb parallax_scroll=\u00bbno\u00bb mobile_reset_margin=\u00bbno\u00bb tablet_reset_margin=\u00bbno\u00bb][vc_single_image image=\u00bb74&#8243; img_size=\u00bbfull\u00bb alignment=\u00bbcenter\u00bb style=\u00bbvc_box_rounded\u00bb woodmart_inline=\u00bbno\u00bb parallax_scroll=\u00bbno\u00bb][\/vc_column][\/vc_row][vc_row full_width=\u00bbstretch_row_content_no_spaces\u00bb mobile_bg_img_hidden=\u00bbno\u00bb tablet_bg_img_hidden=\u00bbno\u00bb woodmart_parallax=\u00bb0&#8243; woodmart_gradient_switch=\u00bbno\u00bb row_reverse_mobile=\u00bb0&#8243; row_reverse_tablet=\u00bb0&#8243; woodmart_disable_overflow=\u00bb0&#8243; css=\u00bb.vc_custom_1611340258688{margin-top: 40px !important;margin-bottom: -40px !important;padding-bottom: 0px !important;}\u00bb][vc_column][elfsight_instagram_feed id=\u00bb1&#8243;][\/vc_column][\/vc_row]<\/p>\n<\/div>","protected":false},"excerpt":{"rendered":"<p>[vc_row equal_height=\u00bbyes\u00bb content_placement=\u00bbmiddle\u00bb mobile_bg_img_hidden=\u00bbno\u00bb tablet_bg_img_hidden=\u00bbno\u00bb woodmart_parallax=\u00bb0&#8243; woodmart_gradient_switch=\u00bbno\u00bb row_reverse_mobile=\u00bb0&#8243; row_reverse_tablet=\u00bb0&#8243; woodmart_disable_overflow=\u00bb0&#8243; css=\u00bb.vc_custom_1611335568951{padding-top: 20px !important;padding-bottom: 20px !important;}\u00bb][vc_column width=\u00bb1\/2&#8243;][vc_empty_space woodmart_hide_large=\u00bb0&#8243; woodmart_hide_medium=\u00bb0&#8243; woodmart_hide_small=\u00bb0&#8243; woodmart_hide_extra_small=\u00bb0&#8243;][vc_column_text<\/p>\n","protected":false},"author":2,"featured_media":0,"parent":0,"menu_order":0,"comment_status":"closed","ping_status":"closed","template":"","meta":{"footnotes":""},"class_list":["post-64","page","type-page","status-publish","hentry"],"_links":{"self":[{"href":"https:\/\/calzacuer.com.ar\/web\/wp-json\/wp\/v2\/pages\/64","targetHints":{"allow":["GET"]}}],"collection":[{"href":"https:\/\/calzacuer.com.ar\/web\/wp-json\/wp\/v2\/pages"}],"about":[{"href":"https:\/\/calzacuer.com.ar\/web\/wp-json\/wp\/v2\/types\/page"}],"author":[{"embeddable":true,"href":"https:\/\/calzacuer.com.ar\/web\/wp-json\/wp\/v2\/users\/2"}],"replies":[{"embeddable":true,"href":"https:\/\/calzacuer.com.ar\/web\/wp-json\/wp\/v2\/comments?post=64"}],"version-history":[{"count":0,"href":"https:\/\/calzacuer.com.ar\/web\/wp-json\/wp\/v2\/pages\/64\/revisions"}],"wp:attachment":[{"href":"https:\/\/calzacuer.com.ar\/web\/wp-json\/wp\/v2\/media?parent=64"}],"curies":[{"name":"wp","href":"https:\/\/api.w.org\/{rel}","templated":true}]}}

<div class="wpb-content-wrapper"><p>[vc_row equal_height=»yes» content_placement=»middle» mobile_bg_img_hidden=»no» tablet_bg_img_hidden=»no» woodmart_parallax=»0&#8243; woodmart_gradient_switch=»no» row_reverse_mobile=»0&#8243; row_reverse_tablet=»0&#8243; woodmart_disable_overflow=»0&#8243; css=».vc_custom_1611335568951{padding-top: 20px !important;padding-bottom: 20px !important;}»][vc_column width=»1/2&#8243;][vc_empty_space woodmart_hide_large=»0&#8243; woodmart_hide_medium=»0&#8243; woodmart_hide_small=»0&#8243; woodmart_hide_extra_small=»0&#8243;]
		<div id="wd-609d32d034b5a" class="title-wrapper wd-wpb wd-set-mb reset-last-child  wd-rs-609d32d034b5a wd-title-color-default wd-title-style-default text-left  wd-underline-colored">
							
				<div class="title-subtitle  subtitle-color-default font-default subtitle-style-default wd-font-weight-400 wd-fontsize-m">#somoscalzacuer</div>
			
			<div class="liner-continer">
				<h4 class="woodmart-title-container title  wd-font-weight-700 wd-fontsize-xxxl" >Quiénes somos?</h4>
							</div>
			
			
			
		</div>
		
		[vc_column_text text_larger=»no» woodmart_inline=»no»]De Familia Catena.<br />
Mas de 50 años en el rubro nos avalan demostrando la calidad de atención y de nuestros excelentes productos, con empleados siempre predispuestos a dar lo mejor de si para satisfacer al cliente y sus necesidades.</p>
<p>Calzacuer en sus inicios fue fundado por Edgardo Ruben Catena, tras muchos años Edgardo le cedió el negocio a su hijo Sergio Catena el cual hoy día junto a su esposa e hijos lo llevan adelante con mucho sacrificio y dedicación. Los esperamos![/vc_column_text][vc_empty_space woodmart_hide_large=»0&#8243; woodmart_hide_medium=»0&#8243; woodmart_hide_small=»0&#8243; woodmart_hide_extra_small=»0&#8243;][/vc_column][vc_column width=»1/2&#8243; mobile_bg_img_hidden=»no» tablet_bg_img_hidden=»no» woodmart_parallax=»0&#8243; woodmart_sticky_column=»false» parallax_scroll=»no» mobile_reset_margin=»no» tablet_reset_margin=»no»][vc_single_image image=»74&#8243; img_size=»full» alignment=»center» style=»vc_box_rounded» woodmart_inline=»no» parallax_scroll=»no»][/vc_column][/vc_row][vc_row full_width=»stretch_row_content_no_spaces» mobile_bg_img_hidden=»no» tablet_bg_img_hidden=»no» woodmart_parallax=»0&#8243; woodmart_gradient_switch=»no» row_reverse_mobile=»0&#8243; row_reverse_tablet=»0&#8243; woodmart_disable_overflow=»0&#8243; css=».vc_custom_1611340258688{margin-top: 40px !important;margin-bottom: -40px !important;padding-bottom: 0px !important;}»][vc_column][elfsight_instagram_feed id=»1&#8243;][/vc_column][/vc_row]</p>
</div>
